ands digit of r(u)?
1
Suppose 0 = 3*t - 474*t + 28176461 - 7206599. What is the ten thousands digit of t?
4
Let l = -284 + 474. What is the tens digit of l + -3 + 0 - 1*-2?
8
Let q be -63 + (-8)/6*9/(-4). What is the hundreds digit of 1*(51*5 + q/15)?
2
Suppose -3*q - k = 2*k - 3, 4*k + 31 = 3*q. Let p(o) = 1 - o**3 + 1 - 9*o + 11*o**2 + 1 - q. What is the hundreds digit of p(7)?
1
Let p be ((4/(-3))/(-4))/((-1)/57). Let b(g) = -g**2 - 49*g - 8. What is the units digit of b(p)?
2
Let j = -811 - -342. Let v = -346 - j. What is the tens digit of v?
2
Suppose -16*k = -50*k + 156332. What is the hundreds digit of k?
5
Let m(u) be the third derivative of 49*u**4/24 - 9*u**3 - 46*u**2. What is the tens digit of m(10)?
3
Suppose -1956864 = -17448*s + 17370*s. What is the hundreds digit of s?
0
Let s(f) = 133*f**2 + 49*f + 100. What is the thousands digit of s(-5)?
3
What is the tens digit of (7938/(-28) + 10)*-34?
9
Let h = -50 + 55. Suppose 3892 = h*n - z, 6*z - z = n - 764. What is the units digit of n?
9
Let k(a) = 21*a + 55. Let x be k(-2). Let v(n) = n**3 - 7*n**2 - 2*n - 61. What is the tens digit of v(x)?
2
Let m be (3 + -12 - 8/2)*1. Let i(c) = -18*c - 43. What is the units digit of i(m)?
1
What is the thousands digit of (-11118)/2*(7 + 92/(-12))?
3
Let d(a) = -4*a**2 + 5*a - 5. Let y be d(2). Let q = y - -4. What is the tens digit of (-1 - -7)/((-1)/q)?
4
Suppose -5*o = 3*w + 1005, -w - 3*w + 4*o - 1372 = 0. Let q = w + 579. What is the hundreds digit of q?
2
Suppose -3*c = -5*n - 20, 1 = 2*c - 5*n - 19. Let q be 12/26 - 54338/(-3497). Suppose c = -5*i + 174 + q. What is the tens digit of i?
3
Suppose 51 = -4*v + j + 13, 0 = -2*v + 4*j - 12. What is the tens digit of -5*(-12)/100 - 14444/v?
4
Suppose -3*l + 2*l + 4*g = -99, -3*g - 97 = -l. Let t = l + -87. Suppose -t*v = -657 - 51. What is the hundreds digit of v?
1
Let p be (-202)/4*(-19 + 15). Suppose 0*u - 3*u + 15 = 0. Suppose 2*y = -2*c + 486, p = y - u*c - 65. What is the units digit of y?
7
Suppose -463 - 140 = -3*y. Suppose 2*c = -c + y. Let p = c - 43. What is the units digit of p?
4
Let a(b) be the first derivative of b**3/3 - b**2 + 4*b - 19. Let j be a(2). Suppose 6*c - 318 = j*c. What is the units digit of c?
9
Let s = 77 + -80. Let a be (s/(-6))/(-3 + 26/8). Suppose -u - 4*h + 278 = 0, 10*h + 520 = a*u + 6*h. What is the units digit of u?
6
Let j = 104 + -95. What is the hundreds digit of (46/4)/(j/126)?
1
Let r = -179 + 181. Suppose w = r*h + 265, -w - 2*h = 94 - 371. What is the units digit of w?
1
Suppose 2349 + 407 = 26*o. Suppose -4*r + 396 = 4*h, -h = -4*r - o + 2. What is the tens digit of h?
0
Let y(v) = v**3 - 15*v**2 + 3*v - 30. Let r be y(15). Let g be r*40/36 - 3/(-9). What is the units digit of g - (-2)/((-8)/(-12))?
0
Suppose 9*j - 6786 - 20916 = 0. Suppose 0 = -6*w + j + 3252. What is the hundreds digit of (w/5 - 3) + 2?
2
Let u be (-94758)/(-10) - (-6)/30. Suppose -11404 = -15*q + u. What is the thousands digit of q?
1
Suppose 0 = i - 2*i + 335. Let j be (1 - 1)/(-7 + 7 - -1). Suppose 5*t + 55 - i = j. What is the tens digit of t?
5
Suppose 2*i - 2*t - 2498 = 0, -1172 - 69 = -i - 3*t. What is the thousands digit of i?
1
Suppose 0 = -8*v + 15 + 145. Let z be 5/v*(-24)/(-3). Suppose 0 = -z*r + 51 + 95. What is the units digit of r?
3
Let o(l) be the second derivative of 19*l**3/2 - l**2/2 - 16*l. Let h be o(3). Suppose 5*w = -5*g + h, 3*w - 2*g - 116 = -4. What is the tens digit of w?
3
Suppose 3*b = 4*a - 29718, 0 = 2*a - 73*b + 78*b - 14820. What is the units digit of a?
5
Let b(d) = 13*d + 7. Let a be b(-7). Let i = -81 - a. Suppose 4*q + 4*o = 632, 0 = i*q - 2*q + 2*o - 156. What is the hundreds digit of q?
1
Let y(j) = -20*j + 24. Let a be y(10). What is the tens digit of 6 - -3 - a - (-1 + -1)?
8
Let l(p) = 18*p**2 - 7*p - 8. Let q be l(-9). Suppose 1140 = 3*j - 5*i + 3*i, -4*j + 5*i = -q. What is the tens digit of j?
8
Let r = 25 - 21. Suppose -2*z + r*t = -128, -z + 65 = -4*t - 5. What is the units digit of z?
8
Suppose -22*u - 669 = 7625. Let x = u + 972. What is the tens digit of x?
9
Suppose 30*i - 63925 - 15905 = 0. What is the hundreds digit of i?
6
Let f be 1/(15/9 - 2). Let g be 0/f + (-6)/3 + 0. What is the tens digit of (-1314)/(-14) + g/(-14)?
9
Suppose 958*a - 957*a = 139. Let m(g) = 2*g**3 + 2*g**2 - 3*g + 3. Let f be m(-4). Let k = a + f. What is the units digit of k?
8
Let m be (4/(-10))/((-2)/15). Suppose m*u = 4*u - 17. Suppose -k = u - 54. What is the units digit of k?
7
Let d(z) = 130*z. Let i be d(1). Suppose -2*u = -t - i - 16, 25 = -5*u. Let f = -90 - t. What is the tens digit of f?
6
Let j(s) = -s + 33. Let h = -16 - -16. Let k be j(h). Suppose 2*r = k + 19. What is the units digit of r?
6
Suppose -2*t - 2*t - 1520 = 0. Let c(j) = -53*j - 400. Let r be c(-18). Let u = r + t. What is the tens digit of u?
7
Let i = -35119 - -68484. What is the units digit of i?
5
Let a be -2 + 2 - ((-4)/2 + -1). Suppose c + a*t - 5*t - 298 = 0, 4*t = -5*c + 1532. What is the units digit of c?
4
Let h be (-1)/2*(-9 + 15) - -6. Suppose h*l - l = -0*l. Suppose 3*j = -4*f - 0*j + 507, 3*j - 15 = l. What is the units digit of f?
3
Let l = -4 - 2. Let f(v) = 3*v**2 + 6*v + 6. Let p be f(l). What is the tens digit of p - (0 + -2) - -1?
8
Let f(q) = -2*q**3 - 6*q**2 + 12*q + 1. Let n(y) = y - 4. Let m be n(-2). Let u be m + (-1)/(-4)*4. What is the tens digit of f(u)?
4
Let s(u) = 7*u**3 - 44*u**2 + 75*u + 96. Let t(b) = 11*b**3 - 65*b**2 + 113*b + 143. Let x(g) = -8*s(g) + 5*t(g). What is the units digit of x(24)?
5
Let u(y) = -18596*y**3 + 39*y**2 - 5*y - 3. What is the ten thousands digit of u(-1)?
1
Let n(f) = f**2 - f + 1. Let a(w) = w**3 + 16*w**2 + 5*w - 50. Let b(p) = -a(p) + 6*n(p). What is the tens digit of b(-13)?
0
Let y(o) = -o + 4. Suppose -r + l = 9, -l = 3*r - 5*l + 30. Let c be y(r). Suppose c = 5*z - 75. What is the tens digit of z?
1
Let g = 8012 - 6081. What is the tens digit of g?
3
What is the units digit of (8/18 - 1519/279) + 2813?
8
Suppose -17 = 27*f - 71. What is the units digit of (100/(-160))/(f/(-16)) + 727?
2
Let m = -88 - -144. Suppose 59*u - m*u = 615. What is the hundreds digit of u?
2
Suppose -3*u - 345 = -3*l, -u = 3*u - 8. Suppose -5*i = 9*r - 10*r + l, 2*r - 199 = 3*i. What is the tens digit of r?
9
What is the hundreds digit of 4/26 - ((-20)/35 - (-39522464)/(-2912))?
5
Let k = -4553 - -24022. What is the tens digit of k?
6
Let g = 3383 + 200. What is the units digit of g?
3
Let i(l) = -1000*l**3 + l**2 + 1. Let r be i(1). What is the tens digit of (-7 + (-12 - -18))/(2/r)?
9
What is the tens digit of (11/(-33))/(1/3)*-8168?
6
Suppose -8*q - 4*h = -184056, 4*h - 45 = -53. What is the hundreds digit of q?
0
Let q = -35 + 120. Let v = q - -159. Suppose 2*n - 2*l = 160, 0*n + 5*l = 3*n - v. What is the units digit of n?
8
Suppose -2*f = -0*g - 5*g + 2781, 4 = 2*f. Let x = g - 382. What is the hundreds digit of x?
1
Let b(d) = 5*d**2 - 143*d - 94. What is the tens digit of b(-15)?
7
Let n(b) = 4*b - 34. Let r be n(-11). Let l = 268 - 57. Let d = l + r. What is the units digit of d?
3
Suppose -14560 = -r - 3*z, 12423 = 4*r + z - 45861. What is the units digit of r?
2
Let z be (-18 + -16)*5/(-10). Let u(k) = -4*k - 1. Let t be u(-2). Suppose -t*j - 840 = -z*j. What is the tens digit of j?
8
Let v(m) = -754*m + 0 - 24 + 779*m + m**2. What is the hundreds digit of v(-35)?
3
Let p(n) be the third derivative of -n**4/8 - 12*n**3 - 18*n**2. Let a be p(0). Let u = -7 - a. What is the tens digit of u?
6
What is the units digit of 3860/(-4053) + 24/(-14) - (-58853)/3?
5
Let g be (2 + 4/(-8)*0)/1. Suppose -g*h + 596 = -0*h + 5*k, 5*k = -5*h + 1460. What is the units digit of h?
8
Suppose -161 = d - 164. Suppose 116 = d*j + 5*w, 5*w + 120 = 4*j + 3*w. What is the units digit of j?
2
Let j(q) = -q**3 + 91*q - 21. What is the units digit of j(8)?
5
Let n(t) = 69*t - 25. Let l be ((-4)/(-5))/(-1 + (-44)/(-40)). What is the units digit of n(l)?
7
Suppose 3*l = -5*t - 0*l - 10, 0 = -5*l - 25. Let r(d) = -4*d**2 + 11*d - 14. Let w(c) = -c**2 + c. Let s(y) = t*r(y) - 6*w(y). What is the tens digit of s(-9)?
0
What is the tens digit of -19 - 211323/(-6 + -1)?
7
Let d = 215 - 211. Let p(t) = 4*t**3 - 10*t**2 + 4*t + 6. What is the hundreds di